{"id":179,"date":"2020-11-12T19:50:47","date_gmt":"2020-11-12T18:50:47","guid":{"rendered":"https:\/\/sagenhafte-lieder-muensterland.de\/wordpress\/?page_id=179"},"modified":"2020-11-12T19:54:25","modified_gmt":"2020-11-12T18:54:25","slug":"eine-reise-durch-das-sagenhafte-suedliche-muensterland","status":"publish","type":"page","link":"https:\/\/sagenhafte-lieder-muensterland.de\/wordpress\/es-war-einmal-in\/eine-reise-durch-das-sagenhafte-suedliche-muensterland\/","title":{"rendered":"Eine Reise durch das Sagenhafte  S\u00fcdliche M\u00fcnsterland"},"content":{"rendered":"<p><img loading=\"lazy\" class=\"alignnone size-full wp-image-180\" src=\"https:\/\/sagenhafte-lieder-muensterland.de\/wordpress\/wp-content\/uploads\/2020\/11\/Ellipse-Sued-Muensterland-100-pixel.png\" alt=\"\" width=\"100\" height=\"99\" \/> Es war einmal im s\u00fcdlichen M\u00fcnsterland&#8230;<\/p>\n<p>Betrachtet man M\u00fcnster auf einer Landkarte und zieht im gleichm\u00e4\u00dfigen Abstand zur Stadt einen Halbkreis von West nach Ost, so liegen auf diesem all jene Orte, von denen ich Spannendes zu berichten habe. Nicht nur die Metropole, sondern auch ihre s\u00fcd-westliche Peripherie, hatte schon vor Jahrhunderten einiges zu bieten.<\/p>\n<p>Schauen wir uns zun\u00e4chst an, was sich westlich von M\u00fcnster in Laer ereignete: Zwei Br\u00fcder, die von England kamen, hatten es sich zum Lebensziel gemacht, Westfalen zum christlichen Glauben zu bekehren. Dabei hatten sie auf dem <strong>Heiligenkamp<\/strong> einen ihrer gr\u00f6\u00dften Erfolge zu verbuchen: man \u00fcberzeugte die vom Wassermangel geplagten Heiden, indem Wasser aus einem Felsen quoll.<\/p>\n<p>Nicht weit davon in Billerbeck tat der heilige <strong>Ludgerus<\/strong> \u00e4hnlich wundert\u00e4tiges, indem er mit Hilfe zweier G\u00e4nse einen Brunnen, die nie versiegte, auftat. L\u00fcdinghausen erhielt \u00fcbrigens seinen Namen, da ebenjener auf der Fahrt zu seiner letzten Ruhest\u00e4tte in Essen-Werden durch den bis dato unbenannten Ort kam \u2013 und dort alle Glocken f\u00fcr den j\u00fcngst Verstorbenen l\u00e4uteten.<\/p>\n<p>Fromm war auch <strong>Sweder von Bevern<\/strong> aus Havixbeck: Er beschwor Gott, dieser m\u00f6ge ihm nach einem Feldzug gew\u00e4hren, noch einmal sein Heim zu sehen. Leider traf ihn bei diesem freudigen Anblick der Schlag.<\/p>\n<p>Einer B\u00e4uerin, die sich auf der Durchreise im Gasthof Adam&#8217;s Hoek st\u00e4rkte, wurde von Landsknechten bei Tilbeck aufgelauert, die ihres vermeintlichen Reichtums habhaft werden wollten \u2013 was f\u00fcr alle Beteiligten t\u00f6dlich endete. Der Frau wurde zur S\u00fchne ein <strong>Steinkreuz <\/strong>aufgestellt.<\/p>\n<p>Zieht man weiter gen S\u00fcden, so erreicht man sp\u00e4ter Nordkirchen.<\/p>\n<p style=\"text-align: left;\"><img loading=\"lazy\" class=\"size-full wp-image-182 alignleft\" src=\"https:\/\/sagenhafte-lieder-muensterland.de\/wordpress\/wp-content\/uploads\/2020\/11\/Schlittenfahrt-Davert-100-pixel.jpg\" alt=\"\" width=\"100\" height=\"80\" \/>Wo heute die imposante barocke Wasserschlossanlage des Baumeisters Schlaun zu bestaunen ist, gab es einst eine alte Burganlage, auf der Rentmeister <strong>Schenkewald<\/strong> sich als Verwalter an den h\u00f6rigen Bauern bereicherte und sich zu Lebzeiten derart schlecht benahm, dass er nach seinem Ableben zum ewigen Spuk in die Davert verbannt wurde.<\/p>\n<p>Hier ist er in illusterer Gesellschaft: gilt doch <strong>die Davert <\/strong>als m\u00fcnsterl\u00e4ndisches Exil f\u00fcr unliebsame Geister aller Art und Hauptwohnsitz des Teufels.<\/p>\n<p>Die <strong>Hohe Ward<\/strong> grenzt an \u2013 mit einer Kultst\u00e4tte f\u00fcr einen heidnischen K\u00f6nig.<\/p>\n<p>In Drensteinfurt soll ein Bauer \u2013 angestiftet vom Teufel \u2013 all sein Hab und Gut vergraben und mit einem Bann belegt haben. Dass seine Nachfahren doch noch in den Genuss dieses <strong>Schatzes <\/strong>\u00a0kamen, war einem findigen Handwerksburschen, sowie 12 H\u00e4hnen zu verdanken.<\/p>\n<p>Macht man einen Abstecher in die benachbarte Stadt Hamm, so erf\u00e4hrt man, dass es dort einen einst m\u00e4chtigen Ritter gab, der zunehmend wunderlicher wurde und sich fortan auf einem <strong>Eisernen Stuhl<\/strong> sitzend in den Fluten der Lippe aufhielt.<\/p>\n<p>Auf der weiteren Rundreise durchs s\u00fcdliche M\u00fcnsterland kommen wir nach <strong>Beckum<\/strong>.<\/p>\n<p>Von den Schildb\u00fcrgern hat man schon oft geh\u00f6rt. Dass Schilda jedoch das Synonym f\u00fcr Beckum sein soll und die entsprechenden Anekdoten sich dort ereigneten, mag manchen \u00fcberraschen \u2013 oder auch nicht.<\/p>\n<p>Zum Schutze hatte man dort im Mittelalter eine Landwehr, die sich bew\u00e4hrte. Heute ist davon nur noch der ehemalige Wachturm <strong>Soestwarte<\/strong> auf dem H\u00f6xberg vorhanden. Zur j\u00fcngsten Gestaltung von dessen Innenw\u00e4nden verwendete man die \u201eBeckumer Anschl\u00e4ge\u201c, um an die Streiche der Vergangenheit zu erinnern.<\/p>\n<p>Nun n\u00e4hert man sich auch schon dem legend\u00e4ren Wallfahrtsort <strong>Stromberg<\/strong>, in dem ein widerspenstiges <strong>Kreuz <\/strong>verehrt wird.<\/p>\n<p>Nahe dabei, auf dem Weg von Oelde in Richtung Rheda, musste man einst das \u201eSchwarze Holz\u201c passieren. Man munkelt, dass es an einer Br\u00fccke dort nicht geheuer sei und man diese einstmals nur gefahrlos \u00fcberqueren konnte, wenn man den<strong> Raemmelken<\/strong>-Bannspruch korrekt aufzusagen verstand.<\/p>\n<p>Dass die Oelder ihre Spezialit\u00e4ten haben, ist schon seit langem bekannt:<\/p>\n<p><img loading=\"lazy\" class=\"size-full wp-image-181\" src=\"https:\/\/sagenhafte-lieder-muensterland.de\/wordpress\/wp-content\/uploads\/2020\/11\/Oelde-Hockemaennchen-100-pixel.jpg\" alt=\"\" width=\"100\" height=\"85\" \/><\/p>\n<p>Ein Kupferschmied wurde 1908 zu einer Geldstrafe verurteilt, da er in der \u00d6ffentlichkeit vors\u00e4tzlich flatulierte und damit weltweit Aufmerksamkeit als <strong>Fahrl\u00e4ssiger Kupferschmied <\/strong>erhielt . \u00dcbrigens scheint Oelde mit dieser Art der Gerichtsbarkeit seiner Zeit weit voraus: Im Jahre 2020 wurden einem Mann in Wien 500 Euro Strafe f\u00fcr lautstarke Bl\u00e4hungen,\u00a0 eines sogenannten &#8222;massiven Darmwinds&#8220; bei der Begegnung mit Polizisten aufgebrummt.Wenn das mal kein Bruder im Geiste der \u201eFahrl\u00e4ssigkeit\u201c ist!!!<\/p>\n<p>Dass man niemals einen Baumeister um seinen gerechten Lohn bringen darf, der zumal noch aktuelle Bauvorhaben in einer Stadt betreut, erfuhr man in Oelde um 1870 durch Emil von Manger. Dieser schuf das steinerne Hockem\u00e4nnchen in eindeutiger Pose \u2013 fortan\u00a0 pr\u00e4sentierte es der Stadtverwaltung den blanken Hintern.<\/p>\n<ol>\n<li>Reise durchs sagenhafte S\u00fcd-M\u00fcnsterland<\/li>\n<li>Heiligenkamp zu Laer<\/li>\n<li>Ludgerus zu Billerbeck<\/li>\n<li>Sweder von Bevern<\/li>\n<li>Tilbecker Steinkreuz<\/li>\n<li>Schenkewald<\/li>\n<li>Die Davert<\/li>\n<li>K\u00f6nig der Hohen Ward<\/li>\n<li>Drensteinfurter Schatz<\/li>\n<li>Eiserner Stuhl zu Hamm<\/li>\n<li>Beckum<\/li>\n<li>Soestwarte<\/li>\n<li>Stromberger Kreuz<\/li>\n<li>Raemmelken<\/li>\n<li>Fahrl\u00e4ssiger Kupferschmied<\/li>\n<li>Hockem\u00e4nnchen zu Oelde<\/li>\n<\/ol>\n","protected":false},"excerpt":{"rendered":"<div class=\"entry-summary\">\nEs war einmal im s\u00fcdlichen M\u00fcnsterland&#8230; Betrachtet man M\u00fcnster auf einer Landkarte&hellip;\n<\/div>\n<div class=\"link-more\"><a href=\"https:\/\/sagenhafte-lieder-muensterland.de\/wordpress\/es-war-einmal-in\/eine-reise-durch-das-sagenhafte-suedliche-muensterland\/\" class=\"more-link\">Continue reading<span class=\"screen-reader-text\"> &ldquo;Eine Reise durch das Sagenhafte  S\u00fcdliche M\u00fcnsterland&rdquo;<\/span>&hellip;<\/a><\/div>\n","protected":false},"author":1,"featured_media":0,"parent":47,"menu_order":0,"comment_status":"closed","ping_status":"closed","template":"","meta":[],"_links":{"self":[{"href":"https:\/\/sagenhafte-lieder-muensterland.de\/wordpress\/wp-json\/wp\/v2\/pages\/179"}],"collection":[{"href":"https:\/\/sagenhafte-lieder-muensterland.de\/wordpress\/wp-json\/wp\/v2\/pages"}],"about":[{"href":"https:\/\/sagenhafte-lieder-muensterland.de\/wordpress\/wp-json\/wp\/v2\/types\/page"}],"author":[{"embeddable":true,"href":"https:\/\/sagenhafte-lieder-muensterland.de\/wordpress\/wp-json\/wp\/v2\/users\/1"}],"replies":[{"embeddable":true,"href":"https:\/\/sagenhafte-lieder-muensterland.de\/wordpress\/wp-json\/wp\/v2\/comments?post=179"}],"version-history":[{"count":1,"href":"https:\/\/sagenhafte-lieder-muensterland.de\/wordpress\/wp-json\/wp\/v2\/pages\/179\/revisions"}],"predecessor-version":[{"id":183,"href":"https:\/\/sagenhafte-lieder-muensterland.de\/wordpress\/wp-json\/wp\/v2\/pages\/179\/revisions\/183"}],"up":[{"embeddable":true,"href":"https:\/\/sagenhafte-lieder-muensterland.de\/wordpress\/wp-json\/wp\/v2\/pages\/47"}],"wp:attachment":[{"href":"https:\/\/sagenhafte-lieder-muensterland.de\/wordpress\/wp-json\/wp\/v2\/media?parent=179"}],"curies":[{"name":"wp","href":"https:\/\/api.w.org\/{rel}","templated":true}]}}