{"id":150,"date":"2020-11-12T15:59:23","date_gmt":"2020-11-12T14:59:23","guid":{"rendered":"https:\/\/sagenhafte-lieder-muensterland.de\/wordpress\/?page_id=150"},"modified":"2021-11-01T10:43:57","modified_gmt":"2021-11-01T09:43:57","slug":"ibbenbueren-und-sein-sagenhaftes-umland","status":"publish","type":"page","link":"https:\/\/sagenhafte-lieder-muensterland.de\/wordpress\/es-war-einmal-in\/ibbenbueren-und-sein-sagenhaftes-umland\/","title":{"rendered":"Ibbenb\u00fcren und sein sagenhaftes Umland"},"content":{"rendered":"<p class=\"western\"><img loading=\"lazy\" class=\"alignnone size-full wp-image-126\" src=\"https:\/\/sagenhafte-lieder-muensterland.de\/wordpress\/wp-content\/uploads\/2020\/11\/Ellipse-Ibbenbueren-100-pixel.png\" alt=\"\" width=\"100\" height=\"99\" \/> Es war einmal in Ibbenb\u00fcren&#8230;<\/p>\n<p class=\"western\">Der Osning \u2013 auch Teutoburger Wald genannt \u2013 entstand vor Millionen von Jahren. Auf dem urzeitlichen Meeresgrund entwickelten sich unsere <b>D\u00f6renther Klippen<\/b>.<\/p>\n<p class=\"western\">Dabei \u2013 so berichtet die Sage \u2013 hatte auch der Teufel die Hand im Spiel:Mit Boshaftigkeiten, wie z.B. dem Ver\u00e4ndern der drei Elemente Feuer, Wasser und Stein, am\u00fcsierte er sich in D\u00f6renthe mit einer \u00dcberflutung. Eine \u2013 zugegebenerma\u00dfen recht riesenhafte \u2013 Frau floh vor den Wassermassen aus dem Tal. Auf ihren stattlichen Schultern trug sie die Kinder und rettete diese, indem sie selbst zu Stein wurde und fortan als Felsen das Land weit \u00fcberragte.<\/p>\n<p class=\"western\">Diese einzigartige H\u00f6henlage mit Blick \u00fcber das M\u00fcnsterland lie\u00df in unmittelbarer N\u00e4he auch eine <b>Befestigungsanlage<\/b> entstehen, die dem Schutze erster Siedler zugute kam, sowie dem sp\u00e4teren Ibbenb\u00fcren, das nach einem gewissen Ubbo benannt wurde. Aufgrund der Missgunst eines Ritters verlor der einstige Gr\u00fcnder der Stadt jedoch Burg und Leben \u2013 nur die Ruine des <b>Heidenturm<\/b>s zeigt uns ihren fr\u00fcheren Standort.<\/p>\n<figure id=\"attachment_134\" aria-describedby=\"caption-attachment-134\" style=\"width: 300px\" class=\"wp-caption alignright\"><img loading=\"lazy\" class=\"size-medium wp-image-134\" src=\"https:\/\/sagenhafte-lieder-muensterland.de\/wordpress\/wp-content\/uploads\/2020\/11\/Ibbenbueren-Heidenturm-300x225.jpg\" alt=\"\" width=\"300\" height=\"225\" srcset=\"https:\/\/sagenhafte-lieder-muensterland.de\/wordpress\/wp-content\/uploads\/2020\/11\/Ibbenbueren-Heidenturm-300x225.jpg 300w, https:\/\/sagenhafte-lieder-muensterland.de\/wordpress\/wp-content\/uploads\/2020\/11\/Ibbenbueren-Heidenturm.jpg 600w\" sizes=\"(max-width: 300px) 100vw, 300px\" \/><figcaption id=\"caption-attachment-134\" class=\"wp-caption-text\">Heidenturm<\/figcaption><\/figure>\n<p class=\"western\">Zwei verwandte <b>Junker<\/b>, denen der Teufel ebenfalls die Gier in ihre hitzigen Gem\u00fcter eingegeben hatte, erschlugen sich gegenseitig.<\/p>\n<p class=\"western\">Nein, alles konnte man f\u00fcrwahr nicht sch\u00fctzen \u2013 das machte sich auch lange vor dieser Zeit der sogenannte \u201eHeidek\u00f6nig\u201c <b>Rabke<\/b> zunutze, der in der morastigen Gegend zwischen Uffeln, Recke und Mettingen hauste und sich in der Gegend derart r\u00e4uberisch bereicherte, dass er fortan als spukendes Heidegespenst \u2013 oft in Form eines feurigen Rades \u2013 n\u00e4chtens unterwegs ist.<\/p>\n<p class=\"western\">Von Rabke&#8217;s h\u00f6llischem Mentor ist uns bekannt, dass er \u00fcber einen Bocksfu\u00df, Machtgier und <b>drei <\/b>goldene Haare verf\u00fcgt \u2013 auch ist er den dreimaligen Wiederholungen gegen\u00fcber \u00e4u\u00dferst zug\u00e4nglich (aber das gilt bekanntlich nicht nur f\u00fcr den Teufel!).<\/p>\n<p class=\"western\">Im Volksmund hatte der Satan seine Gehilfen, wie den <b>Biekiesel<\/b> &#8211; ein Esel, der mit gl\u00fchenden Augen direkt aus der H\u00f6lle zu kommen schien und sich am Ufer des Plane-Baches zeigte. Auch die <b>Werw\u00f6lfe<\/b> gab es im Ibbenb\u00fcrener Umfeld \u2013 sogar ein <b>G\u00fcrtel <\/b>soll existiert haben, mit dem man sich in eine dieser h\u00f6llischen Chim\u00e4ren verwandeln konnte.<\/p>\n<p class=\"western\">Abgesehen von diesen unterhaltsamen Anekdoten gibt es leider auch das wirklich B\u00f6se. Dem Mord an einem Kind, der die Gem\u00fcter der Menschen vor \u00fcber 100Jahr zutiefst bewegte, wurde ein Denkmal in Form eines <b>S\u00fchnekreuz<\/b>es gesetzt.<\/p>\n<figure id=\"attachment_124\" aria-describedby=\"caption-attachment-124\" style=\"width: 300px\" class=\"wp-caption aligncenter\"><img loading=\"lazy\" class=\"size-medium wp-image-124\" src=\"https:\/\/sagenhafte-lieder-muensterland.de\/wordpress\/wp-content\/uploads\/2020\/11\/Doerenther-Hohlweg-300x225.jpg\" alt=\"\" width=\"300\" height=\"225\" srcset=\"https:\/\/sagenhafte-lieder-muensterland.de\/wordpress\/wp-content\/uploads\/2020\/11\/Doerenther-Hohlweg-300x225.jpg 300w, https:\/\/sagenhafte-lieder-muensterland.de\/wordpress\/wp-content\/uploads\/2020\/11\/Doerenther-Hohlweg.jpg 600w\" sizes=\"(max-width: 300px) 100vw, 300px\" \/><figcaption id=\"caption-attachment-124\" class=\"wp-caption-text\">D\u00f6renther Berg<\/figcaption><\/figure>\n<p class=\"western\">Grunds\u00e4tzlich waren in der Region aber immer schon eine Menge Wegekreuze von N\u00f6ten, um auf dem richtigen Pfad zu bleiben&#8230;<\/p>\n<p class=\"western\">Um auf den alten Teufel zur\u00fcckzukommen: Nachdem sich dieser am D\u00f6renther Berg ausgiebig bet\u00e4tigt hatte, zog es ihn nach Alstedde. Der <b>Teufelsliet<\/b> im Rochus zeugt von einem unb\u00e4ndigen Jungpferd, das \u201eden Satan im Leibe\u201c mit h\u00fcbscher Regelm\u00e4\u00dfigkeit einen Hahnentritt n\u00e4her zu diesem Hang galoppiert.<\/p>\n<p class=\"western\">Im unmittelbar benachbarten Laggenbeck herrscht die Meinung, dass der <b>Teufel<\/b> \u2013 nachdem der erste Versuch eines Exorzismus nur halbherzig gelungen war \u2013 letztendlich von einem <b>Schmied<\/b> bezwungen wurde.<\/p>\n<p class=\"western\">Nun bedenken wir, dass wir uns hier auf einem Terrain befinden, das sich oberhalb einer komplex untertunnelten Parallelwelt, nur zug\u00e4nglich durch tiefe Schacht-Anlagen, befindet. \u00dcber 150Jahre ist es her, dass die ersten Kumpel sich ihr \u201e<b>Gl\u00fcckauf<\/b>\u201c zuriefen, um der Ungewissheit ihrer R\u00fcckkehr aus der Unterwelt die Stirn zu bieten. Nun ist dieses Kapitel beendet.<\/p>\n<p class=\"western\">Auch der vermeintlich <b>letzte Wolf<\/b> fand sein Ende \u2013 und zwar in einer Laggenbecker Grube &#8211; in der, so sagt man, auch ein Geiger seinen Verstand lie\u00df. Ob er wom\u00f6glich gar nicht verr\u00fcckt war, sondern reelle Zukunftsvisionen hatte? Der Wolf jedenfalls scheint zur\u00fcckgekehrt&#8230;<\/p>\n<p class=\"western\">Den Laggenbeckern sagte man immer schon nach, dass sie gerne beherzt handelten. Betrachten wir als Abschluss dieser musikalischen Reise durch die Geschichten und Sagen rund um Ibbenb\u00fcren den Einsatz eines Prachtbullens beim Vermitteln von guten Manieren&#8230;<\/p>\n<ol>\n<li>Reise durchs sagenhafte Ibbenb\u00fcren<\/li>\n<li>Hockendes Weib<\/li>\n<li>D\u00f6renther Festung<\/li>\n<li>Junkerschicksal<\/li>\n<li>Heidenturm<\/li>\n<li>Rabke<\/li>\n<li>Drei<\/li>\n<li>Biekiesel<\/li>\n<li>Werwolfsg\u00fcrtel<\/li>\n<li>Maria Wientjes<\/li>\n<li>Wegekreuze<\/li>\n<li>Teufelsliet<\/li>\n<li>Schmied&amp;Teufel<\/li>\n<li>Gl\u00fcckauf Zeche Ibbenb\u00fcren<\/li>\n<li>Der letzte Wolf<\/li>\n<li>Colon Determeyer<\/li>\n<\/ol>\n","protected":false},"excerpt":{"rendered":"<div class=\"entry-summary\">\nEs war einmal in Ibbenb\u00fcren&#8230; Der Osning \u2013 auch Teutoburger Wald genannt&hellip;\n<\/div>\n<div class=\"link-more\"><a href=\"https:\/\/sagenhafte-lieder-muensterland.de\/wordpress\/es-war-einmal-in\/ibbenbueren-und-sein-sagenhaftes-umland\/\" class=\"more-link\">Continue reading<span class=\"screen-reader-text\"> &ldquo;Ibbenb\u00fcren und sein sagenhaftes Umland&rdquo;<\/span>&hellip;<\/a><\/div>\n","protected":false},"author":2,"featured_media":0,"parent":47,"menu_order":0,"comment_status":"closed","ping_status":"closed","template":"","meta":[],"_links":{"self":[{"href":"https:\/\/sagenhafte-lieder-muensterland.de\/wordpress\/wp-json\/wp\/v2\/pages\/150"}],"collection":[{"href":"https:\/\/sagenhafte-lieder-muensterland.de\/wordpress\/wp-json\/wp\/v2\/pages"}],"about":[{"href":"https:\/\/sagenhafte-lieder-muensterland.de\/wordpress\/wp-json\/wp\/v2\/types\/page"}],"author":[{"embeddable":true,"href":"https:\/\/sagenhafte-lieder-muensterland.de\/wordpress\/wp-json\/wp\/v2\/users\/2"}],"replies":[{"embeddable":true,"href":"https:\/\/sagenhafte-lieder-muensterland.de\/wordpress\/wp-json\/wp\/v2\/comments?post=150"}],"version-history":[{"count":7,"href":"https:\/\/sagenhafte-lieder-muensterland.de\/wordpress\/wp-json\/wp\/v2\/pages\/150\/revisions"}],"predecessor-version":[{"id":292,"href":"https:\/\/sagenhafte-lieder-muensterland.de\/wordpress\/wp-json\/wp\/v2\/pages\/150\/revisions\/292"}],"up":[{"embeddable":true,"href":"https:\/\/sagenhafte-lieder-muensterland.de\/wordpress\/wp-json\/wp\/v2\/pages\/47"}],"wp:attachment":[{"href":"https:\/\/sagenhafte-lieder-muensterland.de\/wordpress\/wp-json\/wp\/v2\/media?parent=150"}],"curies":[{"name":"wp","href":"https:\/\/api.w.org\/{rel}","templated":true}]}}

Ibbenbüren und sein sagenhaftes Umland

<p class="western"><img loading="lazy" class="alignnone size-full wp-image-126" src="https://sagenhafte-lieder-muensterland.de/wordpress/wp-content/uploads/2020/11/Ellipse-Ibbenbueren-100-pixel.png" alt="" width="100" height="99" /> Es war einmal in Ibbenbüren&#8230;</p>
<p class="western">Der Osning – auch Teutoburger Wald genannt – entstand vor Millionen von Jahren. Auf dem urzeitlichen Meeresgrund entwickelten sich unsere <b>Dörenther Klippen</b>.</p>
<p class="western">Dabei – so berichtet die Sage – hatte auch der Teufel die Hand im Spiel:Mit Boshaftigkeiten, wie z.B. dem Verändern der drei Elemente Feuer, Wasser und Stein, amüsierte er sich in Dörenthe mit einer Überflutung. Eine – zugegebenermaßen recht riesenhafte – Frau floh vor den Wassermassen aus dem Tal. Auf ihren stattlichen Schultern trug sie die Kinder und rettete diese, indem sie selbst zu Stein wurde und fortan als Felsen das Land weit überragte.</p>
<p class="western">Diese einzigartige Höhenlage mit Blick über das Münsterland ließ in unmittelbarer Nähe auch eine <b>Befestigungsanlage</b> entstehen, die dem Schutze erster Siedler zugute kam, sowie dem späteren Ibbenbüren, das nach einem gewissen Ubbo benannt wurde. Aufgrund der Missgunst eines Ritters verlor der einstige Gründer der Stadt jedoch Burg und Leben – nur die Ruine des <b>Heidenturm</b>s zeigt uns ihren früheren Standort.</p>
<figure id="attachment_134" aria-describedby="caption-attachment-134" style="width: 300px" class="wp-caption alignright"><img loading="lazy" class="size-medium wp-image-134" src="https://sagenhafte-lieder-muensterland.de/wordpress/wp-content/uploads/2020/11/Ibbenbueren-Heidenturm-300x225.jpg" alt="" width="300" height="225" srcset="https://sagenhafte-lieder-muensterland.de/wordpress/wp-content/uploads/2020/11/Ibbenbueren-Heidenturm-300x225.jpg 300w, https://sagenhafte-lieder-muensterland.de/wordpress/wp-content/uploads/2020/11/Ibbenbueren-Heidenturm.jpg 600w" sizes="(max-width: 300px) 100vw, 300px" /><figcaption id="caption-attachment-134" class="wp-caption-text">Heidenturm</figcaption></figure>
<p class="western">Zwei verwandte <b>Junker</b>, denen der Teufel ebenfalls die Gier in ihre hitzigen Gemüter eingegeben hatte, erschlugen sich gegenseitig.</p>
<p class="western">Nein, alles konnte man fürwahr nicht schützen – das machte sich auch lange vor dieser Zeit der sogenannte „Heidekönig“ <b>Rabke</b> zunutze, der in der morastigen Gegend zwischen Uffeln, Recke und Mettingen hauste und sich in der Gegend derart räuberisch bereicherte, dass er fortan als spukendes Heidegespenst – oft in Form eines feurigen Rades – nächtens unterwegs ist.</p>
<p class="western">Von Rabke&#8217;s höllischem Mentor ist uns bekannt, dass er über einen Bocksfuß, Machtgier und <b>drei </b>goldene Haare verfügt – auch ist er den dreimaligen Wiederholungen gegenüber äußerst zugänglich (aber das gilt bekanntlich nicht nur für den Teufel!).</p>
<p class="western">Im Volksmund hatte der Satan seine Gehilfen, wie den <b>Biekiesel</b> &#8211; ein Esel, der mit glühenden Augen direkt aus der Hölle zu kommen schien und sich am Ufer des Plane-Baches zeigte. Auch die <b>Werwölfe</b> gab es im Ibbenbürener Umfeld – sogar ein <b>Gürtel </b>soll existiert haben, mit dem man sich in eine dieser höllischen Chimären verwandeln konnte.</p>
<p class="western">Abgesehen von diesen unterhaltsamen Anekdoten gibt es leider auch das wirklich Böse. Dem Mord an einem Kind, der die Gemüter der Menschen vor über 100Jahr zutiefst bewegte, wurde ein Denkmal in Form eines <b>Sühnekreuz</b>es gesetzt.</p>
<figure id="attachment_124" aria-describedby="caption-attachment-124" style="width: 300px" class="wp-caption aligncenter"><img loading="lazy" class="size-medium wp-image-124" src="https://sagenhafte-lieder-muensterland.de/wordpress/wp-content/uploads/2020/11/Doerenther-Hohlweg-300x225.jpg" alt="" width="300" height="225" srcset="https://sagenhafte-lieder-muensterland.de/wordpress/wp-content/uploads/2020/11/Doerenther-Hohlweg-300x225.jpg 300w, https://sagenhafte-lieder-muensterland.de/wordpress/wp-content/uploads/2020/11/Doerenther-Hohlweg.jpg 600w" sizes="(max-width: 300px) 100vw, 300px" /><figcaption id="caption-attachment-124" class="wp-caption-text">Dörenther Berg</figcaption></figure>
<p class="western">Grundsätzlich waren in der Region aber immer schon eine Menge Wegekreuze von Nöten, um auf dem richtigen Pfad zu bleiben&#8230;</p>
<p class="western">Um auf den alten Teufel zurückzukommen: Nachdem sich dieser am Dörenther Berg ausgiebig betätigt hatte, zog es ihn nach Alstedde. Der <b>Teufelsliet</b> im Rochus zeugt von einem unbändigen Jungpferd, das „den Satan im Leibe“ mit hübscher Regelmäßigkeit einen Hahnentritt näher zu diesem Hang galoppiert.</p>
<p class="western">Im unmittelbar benachbarten Laggenbeck herrscht die Meinung, dass der <b>Teufel</b> – nachdem der erste Versuch eines Exorzismus nur halbherzig gelungen war – letztendlich von einem <b>Schmied</b> bezwungen wurde.</p>
<p class="western">Nun bedenken wir, dass wir uns hier auf einem Terrain befinden, das sich oberhalb einer komplex untertunnelten Parallelwelt, nur zugänglich durch tiefe Schacht-Anlagen, befindet. Über 150Jahre ist es her, dass die ersten Kumpel sich ihr „<b>Glückauf</b>“ zuriefen, um der Ungewissheit ihrer Rückkehr aus der Unterwelt die Stirn zu bieten. Nun ist dieses Kapitel beendet.</p>
<p class="western">Auch der vermeintlich <b>letzte Wolf</b> fand sein Ende – und zwar in einer Laggenbecker Grube &#8211; in der, so sagt man, auch ein Geiger seinen Verstand ließ. Ob er womöglich gar nicht verrückt war, sondern reelle Zukunftsvisionen hatte? Der Wolf jedenfalls scheint zurückgekehrt&#8230;</p>
<p class="western">Den Laggenbeckern sagte man immer schon nach, dass sie gerne beherzt handelten. Betrachten wir als Abschluss dieser musikalischen Reise durch die Geschichten und Sagen rund um Ibbenbüren den Einsatz eines Prachtbullens beim Vermitteln von guten Manieren&#8230;</p>
<ol>
<li>Reise durchs sagenhafte Ibbenbüren</li>
<li>Hockendes Weib</li>
<li>Dörenther Festung</li>
<li>Junkerschicksal</li>
<li>Heidenturm</li>
<li>Rabke</li>
<li>Drei</li>
<li>Biekiesel</li>
<li>Werwolfsgürtel</li>
<li>Maria Wientjes</li>
<li>Wegekreuze</li>
<li>Teufelsliet</li>
<li>Schmied&amp;Teufel</li>
<li>Glückauf Zeche Ibbenbüren</li>
<li>Der letzte Wolf</li>
<li>Colon Determeyer</li>
</ol>

<div class="entry-summary">
Es war einmal in Ibbenbüren&#8230; Der Osning – auch Teutoburger Wald genannt&hellip;
</div>
<div class="link-more"><a href="https://sagenhafte-lieder-muensterland.de/wordpress/es-war-einmal-in/ibbenbueren-und-sein-sagenhaftes-umland/" class="more-link">Continue reading<span class="screen-reader-text"> &ldquo;Ibbenbüren und sein sagenhaftes Umland&rdquo;</span>&hellip;</a></div>
